he prime factors of 1796?
2, 449
List the prime factors of 3211.
13, 19
List the prime factors of 54423.
3, 6047
List the prime factors of 9491.
9491
What are the prime factors of 1403?
23, 61
List the prime factors of 138194.
2, 7, 9871
What are the prime factors of 348?
2, 3, 29
List the prime factors of 51764.
2, 12941
What are the prime factors of 150610?
2, 5, 15061
List the prime factors of 26062.
2, 83, 157
What are the prime factors of 132?
2, 3, 11
What are the prime factors of 176?
2, 11
List the prime factors of 293.
293
List the prime factors of 37589.
37589
What are the prime factors of 3326?
2, 1663
List the prime factors of 2978.
2, 1489
What are the prime factors of 6406?
2, 3203
List the prime factors of 690.
2, 3, 5, 23
List the prime factors of 11912.
2, 1489
What are the prime factors of 42902?
2, 19, 1129
List the prime factors of 29784.
2, 3, 17, 73
What are the prime factors of 1653?
3, 19, 29
What are the prime factors of 6900?
2, 3, 5, 23
List the prime factors of 1124.
2, 281
What are the prime factors of 2337?
3, 19, 41
List the prime factors of 1541.
23, 67
What are the prime factors of 1338?
2, 3, 223
List the prime factors of 21998.
2, 17, 647
What are the prime factors of 1813?
7, 37
List the prime factors of 154.
2, 7, 11
What are the prime factors of 5559?
3, 17, 109
What are the prime factors of 520?
2, 5, 13
What are the prime factors of 41433?
3, 7, 1973
What are the prime factors of 28410?
2, 3, 5, 947
What are the prime factors of 61459?
41, 1499
List the prime factors of 608.
2, 19
List the prime factors of 80221.
80221
What are the prime factors of 857?
857
What are the prime factors of 1825?
5, 73
List the prime factors of 863.
863
What are the prime factors of 1983?
3, 661
What are the prime factors of 1636?
2, 409
List the prime factors of 2456.
2, 307
List the prime factors of 32393.
29, 1117
What are the prime factors of 19943?
7, 11, 37
What are the prime factors of 87122?
2, 7, 127
List the prime factors of 2680.
2, 5, 67
What are the prime factors of 105?
3, 5, 7
What are the prime factors of 1388?
2, 347
List the prime factors of 131581.
131581
List the prime factors of 2071.
19, 109
What are the prime factors of 2282?
2, 7, 163
List the prime factors of 2708.
2, 677
List the prime factors of 15796.
2, 11, 359
List the prime factors of 1453.
1453
List the prime factors of 5939.
5939
List the prime factors of 12256.
2, 383
List the prime factors of 8271.
3, 919
List the prime factors of 19475.
5, 19, 41
What are the prime factors of 1062?
2, 3, 59
List the prime factors of 84.
2, 3, 7
List the prime factors of 5641.
5641
What are the prime factors of 1128?
2, 3, 47
What are the prime factors of 46809?
3, 7, 743
What are the prime factors of 65622?
2, 3, 10937
List the prime factors of 119947.
19, 59, 107
What are the prime factors of 7815?
3, 5, 521
List the prime factors of 4766.
2, 2383
What are the prime factors of 1050?
2, 3, 5, 7
List the prime factors of 3638.
2, 17, 107
List the prime factors of 247.
13, 19
What are the prime factors of 9720?
2, 3, 5
List the prime factors of 9221.
9221
What are the prime factors of 2971?
2971
What are the prime factors of 1635?
3, 5, 109
List the prime factors of 2629.
11, 239
List the prime factors of 9730.
2, 5, 7, 139
List the prime factors of 3229.
3229
List the prime factors of 2093.
7, 13, 23
What are the prime factors of 1974?
2, 3, 7, 47
What are the prime factors of 1440?
2, 3, 5
What are the prime factors of 19278?
2, 3, 7, 17
What are the prime factors of 1222?
2, 13, 47
List the prime factors of 72430.
2, 5, 7243
List the prime factors of 437.
19, 23
What are the prime factors of 554?
2, 277
What are the prime factors of 9999?
3, 11, 101
List the prime factors of 26036.
2, 23, 283
What are the prime factors of 225?
3, 5
What are the prime factors of 1871?
1871
List the prime factors of 5639.
5639
What are the prime factors of 464?
2, 29
What are the prime factors of 3008?
2, 47
What are the prime factors of 1425?
3, 5, 19
What are the prime factors of 97318?
2, 13, 19, 197
List the prime factors of 28829.
127, 227
List the prime factors of 2630.
2, 5, 263
What are the prime factors of 426?
2, 3, 71
List the prime factors of 1915.
5, 383
List the prime factors of 601.
601
List the prime factors of 14817.
3, 11, 449
What are the prime factors of 1892?
2, 11, 43
List the prime factors of 156009.
3, 7, 17, 19, 23
List the prime factors of 22446.
2, 3, 29, 43
List the prime factors of 32055.
3, 5, 2137
What are the prime factors of 1860?
2, 3, 5, 31
List the prime factors of 51266.
2, 25633
What are the prime factors of 1050?
2, 3, 5, 7
What are the prime factors of 38928?
2, 3, 811
List the prime factors of 1788.
2, 3, 149
List the prime factors of 1349.
19, 71
What are the prime factors of 1196?
2, 13, 23
List the prime factors of 2432.
2, 19
List the prime factors of 12423.
3, 41, 101
List the prime factors of 149733.
3, 127, 131
List the prime factors of 373.
373
List the prime factors of 37410.
2, 3, 5, 29, 43
What are the prime factors of 182?
2, 7, 13
What are the prime factors of 17259?
3, 11, 523
What are the prime factors of 786?
2, 3, 131
List the prime factors of 374.
2, 11, 17
List the prime factors of 10682.
2, 7, 109
List the prime factors of 82187.
7, 59, 199
List the prime factors of 6013.
7, 859
What are the prime factors of 1446?
2, 3, 241
List the prime factors of 24170.
2, 5, 2417
What are the prime factors of 1026?
2, 3, 19
What are the prime factors of 18319?
7, 2617
What are the prime factors of 1023?
3, 11, 31
List the prime factors of 38548.
2, 23, 419
What are the prime factors of 10534?
2, 23, 229
List the prime factors of 18814.
2, 23, 409
What are the prime factors of 7263?
3, 269
List the prime factors of 10862.
2, 5431
What are the prime factors of 4078?
2, 2039
List the prime factors of 11933.
11933
List the prime factors of 4013.
4013
List the prime factors of 19432.
2, 7, 347
What are the prime factors of 7180?
2, 5, 359
List the prime factors of 2080.
2, 5, 13
List the prime factors of 60350.
2, 5, 17, 71
What are the prime factors of 356?
2, 89
What are the prime factors of 3266?
2, 23, 71
What are the prime factors of 11854?
2, 5927
What are the prime factors of 4663?
4663
What are the prime factors of 9020?
2, 5, 11, 41
What are the prime factors of 28878?
2, 3, 4813
What are the prime factors of 10636?
2, 2659
What are the prime factors of 17558?
2, 8779
What are the prime factors of 2205?
3, 5, 7
What are the prime factors of 4541?
19, 239
List the prime factors of 1846.
2, 13, 71
What are the prime factors of 58917?
3, 41, 479
What are the prime factors of 23273?
17, 37
List the prime factors of 9356.
2, 2339
What are the prime factors of 25332?
2, 3, 2111
What are the prime factors of 1089?
3, 11
List the prime factors of 48013.
7, 19
What are the prime factors of 4675?
5, 11, 17
List the prime factors of 1519.
7, 31
List the prime factors of 7336.
2, 7, 131
What are the prime factors of 6159?
3, 2053
What are the prime factors of 59154?
2, 3, 9859
What are the prime factors of 3?
3
List the prime factors of 952.
2, 7, 17
What are the prime factors of 6323?
6323
List the prime factors of 8452.
2, 2113
What are the prime factors of 6608?
2, 7, 59
List the prime factors of 853.
853
List the prime factors of 128404.
2, 47, 683
What are the prime factors of 87954?
2, 3, 107, 137
What are the prime factors of 4629?
3, 1543
What are the prime factors of 218?
2, 109
List the prime factors of 3073.
7, 439
List the prime factors of 14033.
14033
What are the prime factors of 6786?
2, 3, 13, 29
What are the prime factors of 40281?
3, 29, 463
List the prime factors of 84602.
2, 7, 6043
List the prime factors of 172527.
3, 131, 439
List the prime factors of 142670.
2, 5, 11, 1297
List the prime factors of 716.
2, 179
What are the prime factors of 2306?
2, 1153
List the prime factors of 5883.
3, 37, 53
What are the prime factors of 12111?
3, 11, 367
List the prime factors of 83880.
2, 3, 5, 233
What are the prime factors of 1557?
3, 173
What are the prime factors of 141432?
2, 3, 71, 83
What are the prime factors of 14192?
2, 887
List the prime factors of 820.
2, 5, 41
List the prime factors of 71832.
2, 3, 41, 73
